x) - 2*v(x). Give r(4).
10
Let w(t) = 2*t + 3. Suppose -4*v + 5*j - 58 = -3*v, 3*j = -4*v - 140. Let u = 35 + v. Determine w(u).
-3
Let h(v) = 2*v + 2. Let a be h(-3). Let s be 27 - (-5)/(10/a). Let k be (-32)/5 + 10/s. Let l(f) = -f**2 - 5*f + 7. Determine l(k).
1
Let h(c) = 1 - c**3 - 81*c + 0 + 80*c. Suppose -3 = -2*q + q. Suppose -j = q*j. Give h(j).
1
Let i(s) = 3*s**3 - 4*s**3 - 4*s - 6*s**2 - 7 + 2*s. Let w(r) = r**3 - 39*r**2 - 79*r - 129. Let p be w(41). Calculate i(p).
5
Let a(v) = -v**2 - 11*v + 2. Suppose 3*t + p + 33 = 3*p, t + 2*p + 11 = 0. Give a(t).
2
Let t(d) = d + 4. Let x be t(4). Suppose -4*o + x = 0, -4*g + 0*g - o = -10. Let r(u) = 9 - 4*u**2 - u + g*u + 5*u**2. Calculate r(0).
9
Let o(x) be the third derivative of x**5/60 - 5*x**4/24 - 5*x**3/6 - 261*x**2. Give o(5).
-5
Let t(o) = o**2 - 6*o. Suppose -4*u - 4*v + 6*v - 56 = 0, 70 = -5*u + 5*v. Let y = 20 + u. Give t(y).
0
Suppose m = -5*u - 38, -4*u - m - 24 = 3*m. Let f = u - -6. Let p(h) = 3*h + 2. Let w(d) = -6*d - 3. Let n(y) = -10*p(y) - 6*w(y). Determine n(f).
-14
Let b(r) = -r**2 - 8*r + 4. Let t be b(-6). Let y = t + 3. Let h = y + -15. Let d(j) = 3*j - 5. Calculate d(h).
7
Let y be (-49)/42*-6 + -8. Let o(m) be the second derivative of -m**6/720 + m**5/120 + m**4/6 - 3*m. Let h(u) be the third derivative of o(u). What is h(y)?
2
Suppose -15*q + 12*q - 15 = 2*b, -2*b - 4*q - 20 = 0. Let t(n) = -n - 1 + 0*n + 2. Calculate t(b).
1
Let r(t) = t - 2. Let k = 0 - -3. Suppose 4*b - k*n + 2*n - 36 = 0, -2*b + 18 = -n. What is r(b)?
7
Suppose -r = -3*r + 16. Suppose -2*n = -y - 4, -3*n = -y - r*n + 10. Let h(q) = -q - 2 + 1 + 6 + y. Calculate h(7).
-2
Let d(a) = -7*a + 4. Let z(p) = 15*p - 9. Let i(t) = 9*d(t) + 4*z(t). Let m = 21 - 28. Let u = m + 8. Determine i(u).
-3
Let f(r) = r - 14. Let d(q) = -3*q + 41. Let c(t) = -4*d(t) - 11*f(t). Let z = -352 - -366. Give c(z).
4
Let v(n) be the second derivative of n**4/4 - n**3/3 + n**2/2 - 2*n. Suppose -2693*x + 2 = -2692*x. Give v(x).
9
Let l(i) = -12*i + 2 - i**2 + 2*i**2 - 2*i + 6*i. Give l(5).
-13
Let d(t) = -4*t + 13. Let z(c) = 2*c - 5. Let r(v) = 6*d(v) + 11*z(v). What is r(8)?
7
Let n(k) = -k**3 - 6*k**2 - 4*k + 5. Let r(f) = f**2 + 7*f + 15. Let t be r(-5). Suppose t*c - 9*c - 20 = 0. Calculate n(c).
0
Suppose -g + 24 = -l + 6*l, 4*l = g + 21. Suppose -5*y + 112 = 3*b, 0 = y + y - 2*b - 48. Let m(h) = -5*h**2 - y*h + 23*h. Determine m(g).
-5
Suppose 0 = -4*v - 3*o + 4, -3*o + 30 = 3*v + 24. Let a(w) be the second derivative of -w**4/6 + w**3/6 + w**2/2 + w. Calculate a(v).
-9
Let a = -28 + 70. Suppose a = -5*d + 2*p - 6*p, -2*d - 4*p = 24. Let s(g) = -g**3 - 5*g**2 + 4*g - 7. What is s(d)?
5
Suppose -4*t - 27 = -5*j, -4*t + 2*t + 4 = 0. Let g(v) = -2*v + j - 2532*v**3 + 4*v - 5*v**2 + 2531*v**3. Suppose 0 = -4*a + 5 - 25. Give g(a).
-3
Let a(u) = 317 - 318 + 2*u**2 - 4*u - u + 5*u. Let p(y) = y**3 - 8*y**2 + 8*y - 5. Let o be p(7). Give a(o).
7
Let u(q) = -5*q**2 + q**3 + 1006*q - 2 - 1012*q + 1. Let w = -9 + 27. Suppose w = n + 2*n. What is u(n)?
-1
Let n(h) = 10 + h**2 + 2*h - 38 + 29. Give n(-1).
0
Suppose -4 = 61*g - 60*g. Let x be -3 - (5 + 3 + g). Let q(p) = -p - 2. Determine q(x).
5
Let f(x) = -x**3 + 3*x**2 - 4*x + 3. Let n = -1306 + 1308. Give f(n).
-1
Let r be 19/(-4) + (-4)/16. Let a be 4/(-14) + (81/21)/3. Let w = r + a. Let k(n) = -2*n**2 - 6*n - 1. What is k(w)?
-9
Let o = -1177 + 1184. Let k(m) = m**3 - 8*m**2 + 5*m - 10. Determine k(o).
-24
Let o(u) = -2*u**2 + 6*u - 1. Let l be 23 + -4*2/(-2). Let v = l + -23. Determine o(v).
-9
Let w(b) be the third derivative of b**5/60 - b**4/8 - 3*b**3/2 + 9*b**2 - 5. What is w(5)?
1
Let x(a) be the second derivative of a**8/6720 - a**7/1260 - a**6/180 - 3*a**4/4 - 8*a. Let f(c) be the third derivative of x(c). Determine f(3).
-3
Let f(x) = x**2 + 11. Let s(a) = -a**2 + a - 12. Let k(d) = 7*f(d) + 6*s(d). Suppose -76 - 148 = -8*j. Suppose 15*m + j = 8*m. Determine k(m).
-3
Let q(s) = 2*s - 4. Let x(b) = b**3 + 12*b**2 - 14*b - 10. Let t be x(-13). Let z be 6/(t*(-2)/(-4)). Give q(z).
4
Let o(p) be the third derivative of 17*p**7/5040 + p**6/720 - p**5/12 + 4*p**2. Let u(l) be the third derivative of o(l). Determine u(1).
18
Let o(n) = n + 1. Suppose -2*x + 0 = 2. Let p(f) = -5*f**2 + f - 4. Let v(t) = x*p(t) - 2*o(t). What is v(2)?
16
Let k(c) = -c**2 - 19*c + 22. Suppose 0 = 5*b - 4*v + 84, 56 = -3*b - 145*v + 146*v. Calculate k(b).
2
Suppose 0 = -36*p + 39*p - 24. Let b(s) = -s + 5. Calculate b(p).
-3
Suppose 8 = 4*s, x - 26 - 18 = 2*s. Let j be 2/(-4) + (-8)/(x/21). Let r(f) = -5*f**2 - 2*f + f**2 - f**3 + 1 - 2. What is r(j)?
7
Let r(d) = -d. Let o(f) = -2 + 5*f - 6 + 3 + 1. Let j(a) = -o(a) - 4*r(a). Let w(b) = b - 5. Let n be w(5). Give j(n).
4
Let x be (5 + -2)*40/15. Suppose 0*g - g = -x. Let b = g - 3. Let o(p) = p - 11. Determine o(b).
-6
Let f(o) = o**2 - o + 1. Let l(d) = 3*d**2 - 10*d - 8. Let m(i) = 4*f(i) - l(i). Let y be m(-3). Let k(u) = u. What is k(y)?
3
Let x(k) be the third derivative of k**6/120 + k**5/12 - k**4/8 - 17*k**3/6 + 12*k**2 - 3*k. Give x(-5).
-2
Let m(n) be the first derivative of n**2 - n - 128. Give m(1).
1
Let t = -49 + 35. Let h = t + 18. Suppose 0*i + 5*j = -h*i - 9, i = -3*j - 11. Let x(w) = w**2 - 5*w + 2. Give x(i).
-2
Let k(g) = g**2 + 5*g. Let n(p) = -p**3 + p**2 + p - 3. Let f = 31 + -29. Let q be n(f). What is k(q)?
0
Let z = 726 + -723. Let d(a) = a**3 - 3*a. Calculate d(z).
18
Let d(o) = -10*o + 3. Let l(r) = 30*r + 63. Let i be l(-2). Give d(i).
-27
Let x(z) = z**2 - 7*z - 9. Let b(r) = 3*r**2 - 20*r - 23. Let k(n) = -4*b(n) + 13*x(n). What is k(13)?
1
Let t(h) = -h**3 + 21*h**2 - 19*h - 24. Suppose 6*j = 2*w + 10*j - 48, -3*j - 54 = -3*w. Calculate t(w).
-4
Suppose 2*n + 4*i = 59 + 1, 5*n - 120 = -4*i. Let k = 28 - 36. Let c be (n/k)/(-5)*2. Let j(v) = -7*v. Calculate j(c).
-7
Suppose -300 = 5*p - 11*p. Suppose 6*q + 4*q - p = 0. Let n(t) = -t**2 + 4*t + 4. Give n(q).
-1
Let o(k) = -4*k**3 - 2*k**2 + k. Let c = -90 - -165. Let n = -74 + c. Give o(n).
-5
Let s(f) = -f**2 - 11*f - 10. Let k = 13 - 22. What is s(k)?
8
Let n be ((-120)/(-50))/(9/(-30)). Let k(u) = u + 7. What is k(n)?
-1
Suppose 7 = 2*t - 3. Let a(r) be the third derivative of -7/6*r**3 + 1/24*r**4 + 0 - 5*r**2 + 0*r. Give a(t).
-2
Let f(t) = 12*t**2 + 15*t + 32. Let d(r) = -7*r**2 - 7*r - 16. Let q(g) = 5*d(g) + 3*f(g). Determine q(-8).
0
Let x(b) be the third derivative of b**5/60 - 5*b**4/24 + b**3 + 59*b**2 - 2. Determine x(4).
2
Let b = 129 - 221. Let i = b + 86. Let v(y) = -2 - 4*y - 2 + y. What is v(i)?
14
Let s(y) = y**3 - 13*y**2 + 12*y - 5. Let g(m) = m**2 + 12*m + 39. Let t be g(-3). Calculate s(t).
-5
Let o(a) = a + 1. Let l be o(7). Suppose -2*r - 2 = -l. Let b(g) = 4*g**2 + 0*g + 5*g - 2*g + g**r - 2*g**2. Give b(-2).
-6
Let k(z) be the third derivative of -z**4/24 + 13*z**3/6 - 4*z**2. What is k(4)?
9
Let s(y) = -56*y + 560. Let r be s(10). Let q(z) = -z**3 - 27. Determine q(r).
-27
Let h(o) = -o**3 - 9*o**2 - 10*o - 12. Suppose 3*k - 24 = 3*j, 0 = 5*k - 7*k. What is h(j)?
4
Suppose 2*y + 4 = 3*x, 0*y = -2*y + 4*x - 4. Let l be -3*y*2/12. Let q(w) be the third derivative of 7*w**4/24 - w**3/6 + 2*w**2. Give q(l).
6
Let y(b) = 2*b**2 + 61*b - 14. Let n(c) = -c**2 - 41*c + 9. Let s(j) = 8*n(j) + 5*y(j). Let i(d) = d**2 - 12*d + 1. Let k(g) = -11*i(g) + 6*s(g). What is k(7)?
8
Let m(z) = 0 + 10 + 4*z**3 - 6*z**2 + 2*z**2 - 6 - 3*z**3 + 6*z. Determine m(3).
13
Let f(r) = -27 + 3*r - 7*r + 3*r + 17. Let c(l) = -l**2 + 5*l - 6. Let g be c(4). Let y be -2*1 - (g - 0). Determine f(y).
-10
Let k(y) be the third derivative of -23*y**6/120 + y**5/60 - y**4/24 + 7*y**2 - 4*y. Determine k(1).
-23
Let b be ((-16)/(-4) + 12/(-4))*18. Let p(z) = b*z - 19*z + 1 + 3. Calculate p(6).
-2
Let i(t) = t**3 - 4*t**2 - 3*t + 6. Let k(d) = -20*d + 104. Let b be k(5). Determine i(b).
-6
Let b(a) = -4*a**2 + 13*a**3 - a + 992 - 14*a**3 - 995. Give b(-4).
1
Let r(w) = w**2 + 2*w - 5. Let p be r(-4). Let o(k) = -5*k - 5. Let c(d) = 2*d + 1. Let y(z) = 5*c(z) + o(z). Calculate y(p).
15
Suppose 0 = -66*w + 63*w + 24. Suppose 3*h = -2*r - 0 - 5, -w = 2*h - r. Let s(f) = 6*f - 2. Give s(h).
-20
Let g(d) = d + 7. Let y be g(-7). Let h(m) = m - m + y*m - 2*m. Suppos